**3 - 19*m**2 - 62*m - 10. Let g(o) = 12*o**3 + 13*o**2 + 44*o + 7. Let x(s) = 7*g(s) + 5*y(s). Give x(n).
7
Let g(r) = 2*r**3 + r - 4. Suppose 9*l + 1796 - 1769 = 0. What is g(l)?
-61
Let j(f) be the first derivative of 9*f**2/2 - 8*f - 23. Let l(d) = 10*d - 9. Let q(s) = 7*j(s) - 6*l(s). What is q(2)?
4
Let t(c) = -5*c + 26. Let i be t(6). Let h(w) be the second derivative of 4*w + 0 - 5/2*w**2 - 5/6*w**3. Calculate h(i).
15
Let k = -34 - -36. Let l(i) = -6 - 3 + i - i**2 + 0*i**2 + k. What is l(0)?
-7
Suppose 0 = -3*a - 22 + 28. Let t(y) = 0*y**a - y**3 - 3*y**2 - 1 + 3*y**2 + 2*y - 3*y**2. What is t(-3)?
-7
Let c(s) = s**3 + 2*s**2 - 3*s - 1. Suppose 3*t - 4 = -t. Let f be -2*t*210/(-12). Suppose 5*q = 3*l, 5*q + 0*l + f = -4*l. Determine c(q).
-1
Let x be (-1)/(-7) - 312/(-21). Suppose -10*f = -x - 15. Let y(s) = -2*s + 2. What is y(f)?
-4
Let i be (0/(12/4) - -1)*-3. Let l(d) be the third derivative of -d**5/60 - d**4/6 + d**3/6 + 6*d**2 + 5*d. Determine l(i).
4
Let g = -10 + 12. Let n be 4/((-2 - 2) + g). Let d(i) = 3*i + 2. What is d(n)?
-4
Suppose 6*l = 11 - 23. Let c(q) = 2 + 5*q**2 + 0*q + 0*q + 2*q. Give c(l).
18
Let n(y) be the second derivative of -y**5/60 + y**4/6 - y**3/3 + 21*y**2/2 - 4*y. Let a(s) be the first derivative of n(s). Calculate a(4).
-2
Let w(g) = g**3 + 19*g**2 - g - 14. Let r be w(-19). Suppose 0*l + 40 = 5*l. Let x(b) = -b - l - r*b + 5*b. Give x(-4).
-4
Let m(k) = -5 - 10*k**2 - 9*k - 9*k**2 + 32*k**2 - 14*k**2 + 19. Give m(-11).
-8
Let l(y) = -y - 8. Let i(t) = t + 7. Let h(b) = -6*i(b) - 7*l(b). Let w(o) = -3 - 5 - 5 - o. Let r(k) = -6*h(k) - 7*w(k). Give r(-5).
2
Let u be 16/(-7) - 2/(-7). Let i(g) be the first derivative of -1/4*g**4 - 37 + g**2 + 0*g**3 + 2*g. What is i(u)?
6
Let i(p) = -2*p - 23. Suppose k + 4*k = -2*x - 42, -2*k - 3*x - 8 = 0. Let m be i(k). Let d(q) = q**3 - 3*q - 4. Determine d(m).
-22
Let o(v) = -v**3 + 7*v**2 - v - 44. Let g be o(4). Let q(m) = -m**3 - m**2 + 3 + m - 1 + 2. Determine q(g).
4
Let p = -42 - -44. Let l(n) = 0*n - 4 - p*n + 0*n + 2. Give l(-5).
8
Let b(g) = g**2 + 2*g + 1. Let c(w) = 43*w**2 - 11*w - 5. Let n(m) = -5*b(m) - c(m). Calculate n(-1).
-49
Let n(b) be the second derivative of -b**5/15 + b**4/12 + b**3/6 + 5*b**2/2 + 4*b. Let z(s) be the first derivative of n(s). What is z(-1)?
-5
Let c(h) = -8*h**2 - 1. Let m(d) = -40*d**2 - d - 5. Let x(o) = -11*c(o) + 2*m(o). Calculate x(1).
7
Let p(o) be the first derivative of -1/3*o**3 + 7/2*o**2 + 11 - 6*o. Give p(7).
-6
Let b(p) = 6*p**2 - 1. Let o(w) = -31*w**2 + 5. Let f(a) = 2*a**2 - 3*a - 9. Let x be f(4). Let j(m) = x*b(m) + 2*o(m). Give j(-1).
3
Let n(a) = a - 32. Let g(f) = -8. Let d(o) = 9*g(o) - 2*n(o). Determine d(-7).
6
Suppose 4*v + 6 = -2. Let w(u) be the second derivative of -u**5/60 - u**4/8 + u**3/3 + 2*u**2 + 5*u. Let i(r) be the first derivative of w(r). Calculate i(v).
4
Suppose 3*l - 2*v = 11, -3*l + 2*l = 5*v + 19. Let x(s) = -420*s**2 - l + 4*s - s**3 + 0 + 3 + 416*s**2. Give x(-5).
7
Suppose 3 = -43*q + 44*q. Let h(i) = 3*i - 5*i + 0*i + q*i. Give h(-5).
-5
Let j(k) = k**2 + 27*k + 171. Let d be j(-17). Let b(a) = -8*a - 1. Give b(d).
-9
Let n(p) be the third derivative of 7*p**5/60 - p**4/12 + p**3/6 - 89*p**2. Give n(1).
6
Let z(q) = -727*q + 3 - 737*q + 1469*q - 1 - q**2. Determine z(6).
-4
Let d(r) = r**2 + 2*r - 15. Suppose 28 = -g + 7*c, c = 4*g - 10 + 14. What is d(g)?
-15
Let c(y) be the third derivative of y**6/120 - y**5/12 - 7*y**4/24 + 4*y**3/3 - 19*y**2. Let s(o) = o + 14. Let p be s(-8). Give c(p).
2
Let k(o) = o**3 + 7*o**2 + 6*o + 5. Let z be (-2)/(4/10) - -2 - 3. Give k(z).
5
Let a(i) = 1. Let x(q) = 4*q + 3. Suppose 3*n + 17 = 5. Let f(j) = n*a(j) + x(j). Suppose 8*l - 1032 = -1016. Give f(l).
7
Let q = -59 - -117. Let f(s) = -4 + 57*s + q*s - 114*s + 6. Calculate f(-2).
0
Let z(o) = -13*o. Let r(u) = -51*u - 4. Let k(x) = r(x) - 4*z(x). Give k(5).
1
Suppose -9*j + 40*j = -31. Let n(f) = 10*f**3 + 2*f**2 + f. Determine n(j).
-9
Let z(j) = -j**2 - 5*j - 1. Let v = 1148 - 1152. Determine z(v).
3
Let n(t) be the first derivative of 5*t**3 + t**2 - t + 1. Suppose 0 = -5*i - 2*v - 5, 9*i - 14*i = -5*v - 30. Give n(i).
16
Let z(q) = -29*q - 10. Let i(g) = 7*g + 2. Let d(n) = -9*i(n) - 2*z(n). Determine d(2).
-8
Let q be (-2 + (-16)/(-6))*-3. Let w(y) be the third derivative of y**6/60 + y**5/60 - y**3/6 + 634*y**2. Calculate w(q).
-13
Let k(j) = j**3 + 6*j**2 + 4*j. Suppose -127*t + 120*t - 42 = 0. Give k(t).
-24
Let s(d) = d**2. Let o = -3 + 7. Let f = 79 + -74. Suppose 0 = -o*b + f*b. What is s(b)?
0
Let k(r) = -r**2 + 4*r - 6. Let l(v) = 284 + 10*v + 2*v - 363. Let y be l(7). What is k(y)?
-11
Suppose 5*f = 15, -4*f = -5*n - 9*f + 45. Let y(o) be the third derivative of -o**6/120 + o**5/10 - o**4/12 - o**3/6 + 158*o**2. Calculate y(n).
-13
Suppose -9*r - 95 + 122 = 0. Let c(f) be the first derivative of -f**2 + 2*f - 1/4*f**4 + 5/3*f**r + 4. What is c(5)?
-8
Let n(c) = c**2 - 2*c - 4. Let u(m) = m**3 + 6*m**2 - 17*m + 8. Let z be u(-8). Let d be (-2)/16 + 50/z. Give n(d).
-1
Suppose -53 = -16*o - 117. Let t(z) = z**3 + 3*z**2 - 3*z - 4. Calculate t(o).
-8
Let n(s) = -12*s**2 + 5*s - 3. Let k be n(1). Let x(o) = -2*o - 18. Determine x(k).
2
Suppose 5*z - 33 = -13. Let x(r) = z - 2 - 3 - 4 + 2*r. What is x(-6)?
-17
Let l(k) = -3*k - 36. Let r(o) = -2*o - 20. Let n(u) = 3*l(u) - 5*r(u). Calculate n(8).
0
Let r(v) be the first derivative of 3*v**2/2 + v - 160. Let c be ((-2)/(-1))/(-1 + -1). Let j(g) = -g**3 - g**2 + 2*g + 1. Let x be j(c). What is r(x)?
-2
Suppose a - 4 = 3*a. Let h(w) = -2*w + 2. What is h(a)?
6
Let w(u) be the first derivative of -u**2 - 5*u + 5. Determine w(0).
-5
Let k(n) = -n**2 - 9*n - 8. Suppose 2*y - 33 = -3*i, 6*y + 33 = 5*i + 2*y. Let a = 1 - i. Calculate k(a).
0
Suppose 5*l = -16*l - 21. Let k(p) = -p - 2. Give k(l).
-1
Let g(k) = k**2 + k - 6. Suppose -3*u = -8*u. Suppose -3*z + 0*z = u. Determine g(z).
-6
Let g(x) = 11 - 2*x**2 + 23*x - 88*x + 51*x. Determine g(-8).
-5
Let g(o) be the first derivative of o**3/3 + 3*o**2 + 2*o + 42. What is g(-6)?
2
Let y(r) = -2*r**3 - 4*r**2 - 3*r - 2. Suppose 0*s - 5*s + 4*k + 27 = 0, 2*s - 3 = -k. Suppose -3*u - 11 + s = -2*m, -4*m + 4 = 0. Give y(u).
4
Let n(l) be the third derivative of l**6/120 + l**5/20 + l**4/24 + l**2. Let h be 96/(-128) - ((-26)/(-8) - 1). Give n(h).
-3
Let w(a) = -a + 1. Let o(l) = l**3 + l**2 + l + 4. Let h be o(-2). Let v be (-3 - -4*2) + h. Give w(v).
-2
Let w = -1403 + 1403. Let y(d) = 2*d**3 - d**2 - d - 1. Calculate y(w).
-1
Let s(w) = -w**2 - w + 4. Let c = 167 + -167. Determine s(c).
4
Let x(q) = q**2 - 3*q. Let v be (70 - 81)*6/(-22). Give x(v).
0
Let y = 782 + -778. Let j(a) = -a**2 + 14. Calculate j(y).
-2
Let v(q) be the first derivative of -2*q**3/3 - 3*q**2/2 + 3*q + 1. Suppose 0 = -5*s - 0*s + 15. Suppose 5*z + 20 = -5*c, -s*c + 3*z - 8 = 2*z. Give v(c).
-6
Let t = 1169 + -1176. Let s(v) = 4*v + 17. Calculate s(t).
-11
Let v(s) = -1 - s + 0 + 2*s. Let c(q) = -q**2 + 24*q - 1. Let o be c(0). Calculate v(o).
-2
Let p(a) = 9*a - 150. Let b be p(14). Let l(j) = 2*j + 50. What is l(b)?
2
Let q be 52/14 - ((-220)/(-70))/(-11). Let m(c) = -c**3 + 9*c**2 - 4*c + 10. Let i(j) = -j**3 + 10*j**2 - 4*j + 11. Let g(a) = -5*i(a) + 6*m(a). What is g(q)?
-11
Let y(o) = -o**2 + 8*o + 18. Let f be y(9). Suppose 5*n + 48 = f*n. Suppose n*w = 6*w + 24. Let a(s) = -s**3 + 5*s**2 - 6*s + 1. Calculate a(w).
-7
Suppose 2*d - 6 = 2. Suppose -2*z = -0 - d. Let m(f) = 3 - 3 - 2*f**z + 3*f**2. What is m(-2)?
4
Let b(s) = -s**3 + 12*s**2 + 13*s + 6. Suppose -12*n + 38*n - 338 = 0. Give b(n).
6
Let x be (2/(-8))/((-7)/112). Let g(k) be the third derivative of k**4/24 - 2*k**2. Let z(l) = -l. Let i(j) = g(j) + 2*z(j). Determine i(x).
-4
Let t(w) = w**2 + 10*w + 2. Suppose -g + 3*g = -14. Give t(g).
-19
Let q(i) = -i**3 - 4*i**2 + 3*i - 7. Let h be (-5)/(-5*1/(-5)). Calculate q(h).
3
Let h(s) = -s**3 - 10*s**2 - 11*s - 7. Let n(v) = 38*v + 219. Let d be n(-6). What is h(d)?
11
Let m(o) = 3*o**3 - 7*o**2 - 3*o + 11. Let i(n) = 5*n**3 - 7*n**2 - 5*n + 12. Let c(f) = -2*i(f) + 3*m(f). Give c(-7).
2
Let y(g) = -g**2 - 5*g - 4. Let d be y(-4). Let a(n) = -n + 4 + 2 + 0*n + d*n. Suppose 3*z + 0*z = 6, 4*o - 3*z 